1054 - 883. Calculate the highest common factor of j and 18.
9
Let l be (-2)/4 + (-434)/(-4). Let k(a) = -7*a**2 - 5*a - 7. Let d be k(-3). Let r = -43 - d. What is the highest common factor of r and l?
12
Let o(i) = i**2 - 15*i + 9. Let x be 394/26 - 4/26. Let f be o(x). What is the highest common divisor of f and 1?
1
Let m = 10 - 3. Let k be (-91)/(8 - (3 - -6)). What is the highest common factor of k and m?
7
Let m be 3/(9/87) - -2. Suppose o = -4, 0*g - 5*g + 4*o = -m. Suppose g*b = 47 + 22. Calculate the highest common divisor of b and 115.
23
Let g(b) = 9*b**2 + 3*b - 39. Let j be g(-11). Calculate the highest common factor of j and 18.
9
Let g be 44/11 + -1*1. Let b(q) = -3*q**2 + 2*q**g + 1 - 4*q + 3*q + 2*q. Let l be b(2). What is the greatest common divisor of l and 7?
7
Suppose -5*w + 33 = -4*j, 3*j + w = -0*w - 1. Let c be 13 - (-1 - (j - -2)). Suppose -3*f + 8*f = 70. Calculate the highest common divisor of c and f.
14
Let f be 26/4*(-4 - -14). Suppose 0*k - 3*k = -3*u - 30, 5*k + 4*u - 77 = 0. Calculate the greatest common factor of k and f.
13
Let v = 2128 - 1039. Suppose 3*a = 3*r - 816, a - 4*a = -4*r + v. Let b = r - 183. Calculate the highest common factor of b and 10.
10
Let j be (-161)/(-10) + 63/(-630). What is the greatest common factor of 308 and j?
4
Let j = -14 + -18. Let q = j - -66. Let a = q + -16. Calculate the highest common divisor of 18 and a.
18
Suppose 4417 = 40*i - 4583. What is the greatest common factor of i and 20?
5
Suppose 2*w - 3*w = 6. Let c be w/10 - (-123)/5. Let g be (-16)/c*(-32 + -1). Calculate the highest common factor of g and 176.
22
Let q = 55 - -95. What is the greatest common divisor of 6 and q?
6
Suppose -2*h = -5*t + 2351, 36*t + 5*h = 32*t + 1861. What is the highest common divisor of 201 and t?
67
Let i = 483 - 447. What is the highest common factor of 45 and i?
9
Let a(i) = 31*i - 172. Let t be a(7). Calculate the highest common factor of 60 and t.
15
Suppose 4*i = -16, o - 13 = -2*o + i. Suppose o*n + n = 320. Calculate the greatest common factor of n and 120.
40
Suppose -140*v = -125*v - 840. Calculate the greatest common factor of v and 266.
14
Let t = 2051 + -1440. What is the highest common factor of 47 and t?
47
Let k = -203 - -23. Let f = -128 - k. Calculate the highest common divisor of f and 78.
26
Suppose 542 = -0*c + 4*c + a, -3*c + 400 = 4*a. Calculate the greatest common divisor of c and 170.
34
Let f(q) = q**2 + 3 - 1 + 0. Let j be f(3). Calculate the highest common factor of j and 99.
11
Let c be (10 - 101)*(-18)/7 - -4. Calculate the greatest common factor of c and 68.
34
Let k(m) = -6*m - 10. Let b be k(-7). Suppose -b = -2*x - 2*v, -x + v + v = -28. Suppose 9*n - 4*n - 900 = 0. Calculate the highest common factor of x and n.
20
Let o = 23 + -12. Let l be -2 - 6/(-3) - 1*-7. Suppose -l*h - 375 = -5*t - 5*h, 5*t + 5*h = 410. Calculate the greatest common divisor of t and o.
11
Let l(p) = p - 1. Let i be l(3). Let y be (-1)/(3 - 2 - i) - 0. Suppose -5*g + 70 = 5*x, -3 = 3*x - 4*x. What is the greatest common divisor of g and y?
1
Let m = -753 + 757. What is the greatest common divisor of 68 and m?
4
Suppose 2*f = -0*f + 4. Let r(u) = -u + 13. Let y be r(3). What is the greatest common divisor of f and y?
2
Let c(x) = -x**3 - 2*x**2 + 24*x + 73. Let a be c(-4). Calculate the highest common factor of a and 423.
9
Suppose -2*y = 4*u - 162, 3*u - 75 = u + 5*y. Suppose 0*r = -4*r + u. What is the highest common divisor of 70 and r?
10
Let f be (6/4)/(3/144). Suppose f*h - 77*h = -225. Let s(j) = -18*j. Let g be s(-1). What is the greatest common divisor of g and h?
9
Let y = 10 - 8. Let o be (-10 + 6)*(-5)/y. Let v be 3 + -4*1 + 11. Calculate the greatest common factor of v and o.
10
Suppose -1332 = -28*d + 124. Suppose 0 = -3*v + 11 + 67. What is the highest common factor of v and d?
26
Let w(n) = -2*n**2 + 13*n - 10. Let d be w(4). What is the greatest common divisor of d and 405?
5
Suppose 33250 = 75*n - 5*n. Calculate the greatest common factor of 125 and n.
25
Let y = -878 - -903. Calculate the greatest common factor of 35 and y.
5
Let w(r) = -95*r**3 + r**2 - 2*r - 2. Let v be (-6)/(-2) - (-2)/4*-8. Let y be w(v). What is the highest common divisor of y and 16?
16
Let o be ((-1)/(12/9))/((-5)/(-40)). Let k be 4 + o + -1 - -36. What is the highest common divisor of k and 22?
11
Suppose 3*x = -y + 201, -x - 6*y + 51 = -11*y. What is the greatest common factor of 48 and x?
6
Let n be (-50)/(-12) + 2/(-12). Suppose -3*z - n*p = -85, -3*z + 53 = -p - 57. Calculate the highest common factor of 14 and z.
7
Let j(y) = 5 - y**3 + 0*y + 2 + 6*y**2 - 3 - 3*y. Let t be j(4). Let g(h) = -h**2 - 5*h + 3. Let f be g(-5). What is the greatest common factor of f and t?
3
Suppose n - 4 = 0, 3*q + 2*n + 0*n = -1093. Let f be (-6)/8 + -1 + q/(-4). Calculate the highest common factor of 60 and f.
30
Suppose 9*u = u + 24. Suppose -u*d + 18 = -w, -3*w = 3*d - 2*d - 6. Calculate the highest common factor of d and 24.
6
Let n = -23 + 36. Calculate the greatest common factor of 637 and n.
13
Let t = 47 - 101. Let m = -27 - t. Suppose -a = 1 - 10. Calculate the greatest common factor of a and m.
9
Let a = 163 + -87. Calculate the highest common factor of 1596 and a.
76
Suppose 1764 = 6*b + 12*b. Calculate the highest common factor of 2 and b.
2
Let p be 250/7 - 2/(-7). Suppose 2*s = 2*l + 256, 3*s = 4*l + l + 638. Let j = l + 217. Calculate the greatest common divisor of p and j.
18
Let g = 84 + -83. Suppose -y + 0*r - 2*r + g = 0, 0 = y - r - 7. Let k be (4/6)/(1/30). Calculate the greatest common divisor of y and k.
5
Suppose -4*u + 11*j = 6*j + 11, -2*u = j - 5. Suppose 37*p - 18*p = 19. What is the greatest common factor of p and u?
1
Let c(m) = 22*m**2 + 88*m - 14. Let h be c(-7). What is the highest common factor of 96 and h?
32
Suppose -9*h - 54 = 36. Let x be -2 - (h*1 - -3). What is the greatest common divisor of 1 and x?
1
Suppose 1335 = 5*t + 1250. Calculate the greatest common factor of 136 and t.
17
Let p(m) = -m. Let k be p(-3). Let g(y) = -20*y - 13. Let q be g(-1). Let t = q + k. What is the greatest common divisor of t and 40?
10
Let b be (-12490)/(-30) - (-1)/(-3). Calculate the highest common factor of b and 16.
16
Let a(l) = -l**3 + 17*l**2 + 2*l - 25. Let v be a(17). Let q be (-12 - (-4 - -3))*-9. Calculate the highest common divisor of q and v.
9
Suppose -32*j + 882 = 17*j. Let p = 136 - 46. What is the greatest common factor of p and j?
18
Let l = -151 - -295. What is the greatest common factor of 9 and l?
9
Let x = 10 - 8. Let n = 22 - 19. Suppose 0*s - n*s + 9 = 0. Calculate the highest common factor of x and s.
1
Suppose 7*u = 6*u - 3, u = -3*g + 462. What is the highest common divisor of g and 10?
5
Let q = 10 + 19. Let f be (-4)/14 - (-7 + 12616/(-56)). Calculate the greatest common divisor of f and q.
29
Let w = 1711 - 1181. What is the greatest common factor of w and 10?
10
Let h(n) = 5*n + 5. Let c(q) = 6*q + 5. Let l(y) = 3*c(y) - 4*h(y). Let j be 3/(-2)*50/15. Let f be l(j). Calculate the greatest common factor of f and 2.
1
Let f(c) = 3*c**2 - 8*c - 5. Let j be f(6). Let q = 644 + -639. Calculate the highest common divisor of j and q.
5
Let m(y) = -y**2 - 41*y - 173. Let t be m(-36). What is the highest common factor of 175 and t?
7
Let s(b) = 4*b**2 - 3*b - 1. Let o(g) = -4*g + 31. Let y be o(7). Let a be s(y). Calculate the greatest common factor of 13 and a.
13
Let l be -9*(-1)/(6/20). Let d = -116 + 191. Calculate the greatest common divisor of l and d.
15
Let c(r) = -r**2 + 9*r - 8. Let y be c(9). Let p = y + 17. Let n be -1 - (0 + 1) - -11. Calculate the highest common divisor of n and p.
9
Suppose 2351 = 6*l + 431. Calculate the greatest common divisor of 64 and l.
64
Let q = 79 - 31. Let d = q - -95. Calculate the highest common factor of d and 11.
11
Suppose 0 = 2*b + z - 66 - 901, 0 = -b + 4*z + 506. Calculate the greatest common factor of 27 and b.
27
Let u = -33 + 51. Calculate the greatest common divisor of 162 and u.
18
Suppose -2*r - 246 = -5*d + d, -5*d = 3*r - 313. Let a = d - 36. Calculate the greatest common factor of 234 and a.
26
Suppose -h + 6*h = 80. Let l(x) = x**2 - 14*x + 13. Let a be l(h). Calculate the highest common factor of 40